{"id":2,"date":"2014-11-21T04:51:49","date_gmt":"2014-11-21T04:51:49","guid":{"rendered":"http:\/\/localhost\/wordpress-4.0.1\/wordpress\/?page_id=2"},"modified":"2025-08-20T13:40:43","modified_gmt":"2025-08-20T13:40:43","slug":"sample-page","status":"publish","type":"page","link":"https:\/\/www.kc-dsp.de\/","title":{"rendered":"&#8222;Die schuckeren Piener&#8220;"},"content":{"rendered":"\n<p>Kegelcub in M\u00fcnster Nienberge &#8211; gegr\u00fcndet 1994<\/p>\n\n\n\n<figure class=\"wp-block-image size-large\"><a href=\"https:\/\/www.kc-dsp.de\/wp-content\/uploads\/2025\/08\/IMG_20250816_204737-scaled.jpg\"><img loading=\"lazy\" decoding=\"async\" width=\"1024\" height=\"768\" src=\"https:\/\/www.kc-dsp.de\/wp-content\/uploads\/2025\/08\/IMG_20250816_204737-1024x768.jpg\" alt=\"\" class=\"wp-image-386\" srcset=\"https:\/\/www.kc-dsp.de\/wp-content\/uploads\/2025\/08\/IMG_20250816_204737-1024x768.jpg 1024w, https:\/\/www.kc-dsp.de\/wp-content\/uploads\/2025\/08\/IMG_20250816_204737-300x225.jpg 300w, https:\/\/www.kc-dsp.de\/wp-content\/uploads\/2025\/08\/IMG_20250816_204737-768x576.jpg 768w, https:\/\/www.kc-dsp.de\/wp-content\/uploads\/2025\/08\/IMG_20250816_204737-1536x1152.jpg 1536w, https:\/\/www.kc-dsp.de\/wp-content\/uploads\/2025\/08\/IMG_20250816_204737-2048x1536.jpg 2048w\" sizes=\"auto, (max-width: 1024px) 100vw, 1024px\" \/><\/a><\/figure>\n\n\n\n<p class=\"has-text-align-center\">T\u00f6nigschiessen 2025 bei K&amp;K<\/p>\n\n\n\n<figure class=\"wp-block-image size-full\"><a href=\"https:\/\/www.kc-dsp.de\/wp-content\/uploads\/2025\/08\/IMG_20250820_153150.jpg\"><img loading=\"lazy\" decoding=\"async\" width=\"640\" height=\"640\" src=\"https:\/\/www.kc-dsp.de\/wp-content\/uploads\/2025\/08\/IMG_20250820_153150.jpg\" alt=\"\" class=\"wp-image-392\" srcset=\"https:\/\/www.kc-dsp.de\/wp-content\/uploads\/2025\/08\/IMG_20250820_153150.jpg 640w, https:\/\/www.kc-dsp.de\/wp-content\/uploads\/2025\/08\/IMG_20250820_153150-300x300.jpg 300w, https:\/\/www.kc-dsp.de\/wp-content\/uploads\/2025\/08\/IMG_20250820_153150-150x150.jpg 150w\" sizes=\"auto, (max-width: 640px) 100vw, 640px\" \/><\/a><\/figure>\n\n\n\n<p class=\"has-text-align-center\">Kegeln Dezember 2024 &#8211; Alle 12 Piener sind erschienen !<\/p>\n\n\n\n<figure class=\"wp-block-image size-large\"><a href=\"https:\/\/www.kc-dsp.de\/wp-content\/uploads\/2022\/11\/47748b38-019a-41af-851f-78a26206f71c.jpg\"><img loading=\"lazy\" decoding=\"async\" width=\"1024\" height=\"768\" src=\"https:\/\/www.kc-dsp.de\/wp-content\/uploads\/2022\/11\/47748b38-019a-41af-851f-78a26206f71c-1024x768.jpg\" alt=\"\" class=\"wp-image-288\" srcset=\"https:\/\/www.kc-dsp.de\/wp-content\/uploads\/2022\/11\/47748b38-019a-41af-851f-78a26206f71c-1024x768.jpg 1024w, https:\/\/www.kc-dsp.de\/wp-content\/uploads\/2022\/11\/47748b38-019a-41af-851f-78a26206f71c-300x225.jpg 300w, https:\/\/www.kc-dsp.de\/wp-content\/uploads\/2022\/11\/47748b38-019a-41af-851f-78a26206f71c-768x576.jpg 768w, https:\/\/www.kc-dsp.de\/wp-content\/uploads\/2022\/11\/47748b38-019a-41af-851f-78a26206f71c-1536x1152.jpg 1536w, https:\/\/www.kc-dsp.de\/wp-content\/uploads\/2022\/11\/47748b38-019a-41af-851f-78a26206f71c.jpg 1600w\" sizes=\"auto, (max-width: 1024px) 100vw, 1024px\" \/><\/a><figcaption class=\"wp-element-caption\">Kegelausflug 2022 Hamburg<\/figcaption><\/figure>\n\n\n\n<figure class=\"wp-block-image size-large\"><a href=\"https:\/\/www.kc-dsp.de\/wp-content\/uploads\/2022\/02\/IMG_5602-scaled.jpg\"><img loading=\"lazy\" decoding=\"async\" width=\"1024\" height=\"768\" src=\"https:\/\/www.kc-dsp.de\/wp-content\/uploads\/2022\/02\/IMG_5602-1024x768.jpg\" alt=\"\" class=\"wp-image-267\" srcset=\"https:\/\/www.kc-dsp.de\/wp-content\/uploads\/2022\/02\/IMG_5602-1024x768.jpg 1024w, https:\/\/www.kc-dsp.de\/wp-content\/uploads\/2022\/02\/IMG_5602-300x225.jpg 300w, https:\/\/www.kc-dsp.de\/wp-content\/uploads\/2022\/02\/IMG_5602-768x576.jpg 768w, https:\/\/www.kc-dsp.de\/wp-content\/uploads\/2022\/02\/IMG_5602-1536x1152.jpg 1536w, https:\/\/www.kc-dsp.de\/wp-content\/uploads\/2022\/02\/IMG_5602-2048x1536.jpg 2048w\" sizes=\"auto, (max-width: 1024px) 100vw, 1024px\" \/><\/a><figcaption class=\"wp-element-caption\">Monatskegeln Januar 2022 (Es fehlt Bernd)<\/figcaption><\/figure>\n\n\n\n<figure class=\"wp-block-image\"><img loading=\"lazy\" decoding=\"async\" width=\"800\" height=\"600\" src=\"https:\/\/www.kc-dsp.de\/wp-content\/uploads\/2019\/08\/IMG_8090-2.jpg\" alt=\"\" class=\"wp-image-215\" srcset=\"https:\/\/www.kc-dsp.de\/wp-content\/uploads\/2019\/08\/IMG_8090-2.jpg 800w, https:\/\/www.kc-dsp.de\/wp-content\/uploads\/2019\/08\/IMG_8090-2-300x225.jpg 300w, https:\/\/www.kc-dsp.de\/wp-content\/uploads\/2019\/08\/IMG_8090-2-768x576.jpg 768w\" sizes=\"auto, (max-width: 800px) 100vw, 800px\" \/><figcaption class=\"wp-element-caption\">T\u00f6nigschiessen 2019<\/figcaption><\/figure>\n\n\n<table style=\"height: 40px;\" width=\"643\">\n<tbody>\n<tr>\n<td>&nbsp;<\/td>\n<\/tr>\n<\/tbody>\n<\/table>\n<div id=\"fb-root\">\n<figure id=\"attachment_109\" aria-describedby=\"caption-attachment-109\" style=\"width: 660px\" class=\"wp-caption aligncenter\"><a href=\"https:\/\/www.kc-dsp.de\/wp-content\/uploads\/2017\/12\/IMG_5657.jpg\"><img loading=\"lazy\" decoding=\"async\" class=\"wp-image-109 size-large\" src=\"https:\/\/www.kc-dsp.de\/wp-content\/uploads\/2017\/12\/IMG_5657-1024x768.jpg\" alt=\"\" width=\"660\" height=\"495\" srcset=\"https:\/\/www.kc-dsp.de\/wp-content\/uploads\/2017\/12\/IMG_5657-1024x768.jpg 1024w, https:\/\/www.kc-dsp.de\/wp-content\/uploads\/2017\/12\/IMG_5657-300x225.jpg 300w, https:\/\/www.kc-dsp.de\/wp-content\/uploads\/2017\/12\/IMG_5657-768x576.jpg 768w, https:\/\/www.kc-dsp.de\/wp-content\/uploads\/2017\/12\/IMG_5657.jpg 1600w\" sizes=\"auto, (max-width: 660px) 100vw, 660px\" \/><\/a><figcaption id=\"caption-attachment-109\" class=\"wp-caption-text\">Kegelausflug Cochem 2016 (Es fehlt Ente)<\/figcaption><\/figure><\/p>\n<\/div>\n<p><figure id=\"attachment_14\" aria-describedby=\"caption-attachment-14\" style=\"width: 660px\" class=\"wp-caption alignnone\"><a href=\"https:\/\/www.kc-dsp.de\/wp-content\/uploads\/2014\/11\/2014-11-14-23.13.51.jpg\"><img loading=\"lazy\" decoding=\"async\" class=\"wp-image-14 size-large\" src=\"https:\/\/www.kc-dsp.de\/wp-content\/uploads\/2014\/11\/2014-11-14-23.13.51-1024x768.jpg\" alt=\"Letztes Kegeln bei Wilhelmer\" width=\"660\" height=\"495\" srcset=\"https:\/\/www.kc-dsp.de\/wp-content\/uploads\/2014\/11\/2014-11-14-23.13.51-1024x768.jpg 1024w, https:\/\/www.kc-dsp.de\/wp-content\/uploads\/2014\/11\/2014-11-14-23.13.51-300x225.jpg 300w\" sizes=\"auto, (max-width: 660px) 100vw, 660px\" \/><\/a><figcaption id=\"caption-attachment-14\" class=\"wp-caption-text\">Letzes Kegeln bei &#8222;Wilhelmer&#8220;, damals Gasselstiege in M\u00fcnster, im November 2014 (es fehlen: Kako, J\u00f6rgel, Lars)<\/figcaption><\/figure><br \/>\n<figure id=\"attachment_211\" aria-describedby=\"caption-attachment-211\" style=\"width: 864px\" class=\"wp-caption alignleft\"><img loading=\"lazy\" decoding=\"async\" class=\"wp-image-211 size-full\" src=\"https:\/\/www.kc-dsp.de\/wp-content\/uploads\/2019\/08\/100_5965-1.jpg\" alt=\"Kegelausflug Kalkar 2006\" width=\"864\" height=\"576\" srcset=\"https:\/\/www.kc-dsp.de\/wp-content\/uploads\/2019\/08\/100_5965-1.jpg 864w, https:\/\/www.kc-dsp.de\/wp-content\/uploads\/2019\/08\/100_5965-1-300x200.jpg 300w, https:\/\/www.kc-dsp.de\/wp-content\/uploads\/2019\/08\/100_5965-1-768x512.jpg 768w\" sizes=\"auto, (max-width: 864px) 100vw, 864px\" \/><figcaption id=\"caption-attachment-211\" class=\"wp-caption-text\">Kegelausflug Kalkar 2006<\/figcaption><\/figure><\/p>\n<div id=\"fb-root\">&nbsp;<\/div>\n<figure id=\"attachment_201\" aria-describedby=\"caption-attachment-201\" style=\"width: 660px\" class=\"wp-caption aligncenter\"><img loading=\"lazy\" decoding=\"async\" class=\"wp-image-201 size-large\" src=\"https:\/\/www.kc-dsp.de\/wp-content\/uploads\/2019\/08\/all_20062-1024x840.jpg\" alt=\"\" width=\"660\" height=\"541\" srcset=\"https:\/\/www.kc-dsp.de\/wp-content\/uploads\/2019\/08\/all_20062-1024x840.jpg 1024w, https:\/\/www.kc-dsp.de\/wp-content\/uploads\/2019\/08\/all_20062-300x246.jpg 300w, https:\/\/www.kc-dsp.de\/wp-content\/uploads\/2019\/08\/all_20062-768x630.jpg 768w\" sizes=\"auto, (max-width: 660px) 100vw, 660px\" \/><figcaption id=\"caption-attachment-201\" class=\"wp-caption-text\">Hochzeit Kako 2004<\/figcaption><\/figure>\n<div class=\"fb-like\" data-href=\"https:\/\/www.facebook.com\/Kegelclub-dsP-119578701501712\/\" data-layout=\"standard\" data-action=\"like\" data-size=\"small\" data-show-faces=\"true\" data-share=\"true\">&nbsp;<\/div>\n<figure id=\"attachment_204\" aria-describedby=\"caption-attachment-204\" style=\"width: 640px\" class=\"wp-caption alignnone\"><img loading=\"lazy\" decoding=\"async\" class=\"wp-image-204 size-full\" src=\"https:\/\/www.kc-dsp.de\/wp-content\/uploads\/2019\/08\/2003_Kegelclub-DSP-1.jpg\" alt=\"Hochzeit Feldi 2003\" width=\"640\" height=\"429\" srcset=\"https:\/\/www.kc-dsp.de\/wp-content\/uploads\/2019\/08\/2003_Kegelclub-DSP-1.jpg 640w, https:\/\/www.kc-dsp.de\/wp-content\/uploads\/2019\/08\/2003_Kegelclub-DSP-1-300x201.jpg 300w\" sizes=\"auto, (max-width: 640px) 100vw, 640px\" \/><figcaption id=\"caption-attachment-204\" class=\"wp-caption-text\">Hochzeit Feldi 2003<\/figcaption><\/figure>\n<pre>Geld spenden f\u00fcr den Club via Paypal:<\/pre>\n<form action=\"https:\/\/www.paypal.com\/cgi-bin\/webscr\" method=\"post\" target=\"_top\"><input name=\"cmd\" type=\"hidden\" value=\"_s-xclick\"><br \/><input alt=\"Jetzt einfach, schnell und sicher online bezahlen \u2013 mit PayPal.\" name=\"submit\" src=\"https:\/\/www.paypalobjects.com\/de_DE\/DE\/i\/btn\/btn_donate_LG.gif\" type=\"image\"><br \/><img loading=\"lazy\" decoding=\"async\" src=\"https:\/\/www.paypalobjects.com\/de_DE\/i\/scr\/pixel.gif\" alt=\"\" width=\"1\" height=\"1\" border=\"0\"><\/form>","protected":false},"excerpt":{"rendered":"<p>Kegelcub in M\u00fcnster Nienberge &#8211; gegr\u00fcndet 1994 T\u00f6nigschiessen 2025 bei K&amp;K Kegeln Dezember 2024 &#8211; Alle 12 Piener sind erschienen ! &nbsp; &nbsp; &nbsp; Geld spenden f\u00fcr den Club via Paypal:<\/p>\n","protected":false},"author":1,"featured_media":288,"parent":0,"menu_order":0,"comment_status":"closed","ping_status":"open","template":"","meta":{"footnotes":""},"class_list":["post-2","page","type-page","status-publish","has-post-thumbnail","hentry"],"_links":{"self":[{"href":"https:\/\/www.kc-dsp.de\/index.php?rest_route=\/wp\/v2\/pages\/2","targetHints":{"allow":["GET"]}}],"collection":[{"href":"https:\/\/www.kc-dsp.de\/index.php?rest_route=\/wp\/v2\/pages"}],"about":[{"href":"https:\/\/www.kc-dsp.de\/index.php?rest_route=\/wp\/v2\/types\/page"}],"author":[{"embeddable":true,"href":"https:\/\/www.kc-dsp.de\/index.php?rest_route=\/wp\/v2\/users\/1"}],"replies":[{"embeddable":true,"href":"https:\/\/www.kc-dsp.de\/index.php?rest_route=%2Fwp%2Fv2%2Fcomments&post=2"}],"version-history":[{"count":54,"href":"https:\/\/www.kc-dsp.de\/index.php?rest_route=\/wp\/v2\/pages\/2\/revisions"}],"predecessor-version":[{"id":398,"href":"https:\/\/www.kc-dsp.de\/index.php?rest_route=\/wp\/v2\/pages\/2\/revisions\/398"}],"wp:featuredmedia":[{"embeddable":true,"href":"https:\/\/www.kc-dsp.de\/index.php?rest_route=\/wp\/v2\/media\/288"}],"wp:attachment":[{"href":"https:\/\/www.kc-dsp.de\/index.php?rest_route=%2Fwp%2Fv2%2Fmedia&parent=2"}],"curies":[{"name":"wp","href":"https:\/\/api.w.org\/{rel}","templated":true}]}}